nds digit of 979198?
9
What is the thousands digit of 1393478?
3
What is the hundred thousands digit of 299711?
2
What is the thousands digit of 8311745?
1
What is the units digit of 5739428?
8
What is the hundreds digit of 1141274?
2
What is the ten thousands digit of 258891?
5
What is the hundred thousands digit of 794853?
7
What is the ten thousands digit of 228647?
2
What is the hundred thousands digit of 333342?
3
What is the units digit of 3246197?
7
What is the tens digit of 929160?
6
What is the ten thousands digit of 56739?
5
What is the units digit of 1433878?
8
What is the thousands digit of 651072?
1
What is the tens digit of 4267161?
6
What is the hundreds digit of 980870?
8
What is the hundreds digit of 45361?
3
What is the hundreds digit of 345906?
9
What is the ten millions digit of 21033676?
2
What is the hundreds digit of 153859?
8
What is the millions digit of 2906332?
2
What is the hundreds digit of 22140593?
5
What is the ten thousands digit of 1515282?
1
What is the ten millions digit of 11789464?
1
What is the units digit of 5235013?
3
What is the hundreds digit of 2771030?
0
What is the hundreds digit of 4427?
4
What is the hundreds digit of 118441?
4
What is the thousands digit of 109531?
9
What is the tens digit of 178309?
0
What is the ten thousands digit of 500180?
0
What is the ten thousands digit of 402823?
0
What is the hundreds digit of 2939?
9
What is the hundred thousands digit of 38705417?
7
What is the units digit of 163384?
4
What is the tens digit of 17736589?
8
What is the ten thousands digit of 321033?
2
What is the hundreds digit of 283374?
3
What is the hundred thousands digit of 24338950?
3
What is the hundreds digit of 2000609?
6
What is the hundreds digit of 1985503?
5
What is the units digit of 20682203?
3
What is the thousands digit of 12747278?
7
What is the hundreds digit of 365233?
2
What is the millions digit of 3605500?
3
What is the thousands digit of 907142?
7
What is the ten thousands digit of 5827710?
2
What is the millions digit of 3365098?
3
What is the thousands digit of 1791295?
1
What is the units digit of 54753?
3
What is the thousands digit of 729103?
9
What is the hundred thousands digit of 13886356?
8
What is the units digit of 3333758?
8
What is the tens digit of 41246?
4
What is the tens digit of 698850?
5
What is the units digit of 476363?
3
What is the ten millions digit of 10883684?
1
What is the units digit of 912372?
2
What is the units digit of 3946180?
0
What is the thousands digit of 1080835?
0
What is the hundred thousands digit of 2302590?
3
What is the thousands digit of 222650?
2
What is the ten thousands digit of 89238?
8
What is the units digit of 354436?
6
What is the thousands digit of 435585?
5
What is the ten millions digit of 17446017?
1
What is the hundreds digit of 3438238?
2
What is the tens digit of 3399704?
0
What is the hundreds digit of 214095?
0
What is the thousands digit of 166199?
6
What is the hundreds digit of 2478709?
7
What is the hundreds digit of 4832374?
3
What is the tens digit of 7211484?
8
What is the thousands digit of 1878355?
8
What is the tens digit of 388852?
5
What is the units digit of 1678320?
0
What is the tens digit of 1144433?
3
What is the units digit of 8628835?
5
What is the hundred thousands digit of 3543993?
5
What is the hundreds digit of 816274?
2
What is the millions digit of 6155368?
6
What is the hundred thousands digit of 2170406?
1
What is the tens digit of 2254822?
2
What is the ten thousands digit of 1874943?
7
What is the tens digit of 5797795?
9
What is the thousands digit of 457605?
7
What is the hundreds digit of 6343967?
9
What is the hundred thousands digit of 5108284?
1
What is the tens digit of 197689?
8
What is the ten millions digit of 29145133?
2
What is the ten thousands digit of 1087326?
8
What is the units digit of 426997?
7
What is the tens digit of 13966490?
9
What is the units digit of 256211?
1
What is the units digit of 202801?
1
What is the tens digit of 31723?
2
What is the ten thousands digit of 99998?
9
What is the hundreds digit of 4900787?
7
What is the hundreds digit of 4855048?
0
What is the hundred thousands digit of 901602?
9
What is the ten thousands digit of 24468?
2
What is the tens digit of 1032043?
4
What is the ten thousands digit of 244353?
4
What is the ten thousands digit of 25642610?
4
What is the thousands digit of 852949?
2
What is the thousands digit of 14719438?
9
What is the units digit of 33533503?
3
What is the millions digit of 1101190?
1
What is the hundreds digit of 59073?
0
What is the hundreds digit of 158167?
1
What is the millions digit of 4259732?
4
What is the tens digit of 17682067?
6
What is the units digit of 946612?
2
What is the tens digit of 91386?
8
What is the units digit of 4928813?
3
What is the units digit of 4362679?
9
What is the tens digit of 5944483?
8
What is the ten thousands digit of 93287?
9
What is the hundreds digit of 63923?
9
What is the ten thousands digit of 538491?
3
What is the hundreds digit of 294416?
4
What is the ten thousands digit of 805097?
0
What is the ten thousands digit of 344707?
4
What is the units digit of 12793328?
8
What is the tens digit of 10143863?
6
What is the tens digit of 1873182?
8
What is the tens digit of 5677769?
6
What is the thousands digit of 5768864?
8
What is the thousands digit of 73431?
3
What is the thousands digit of 495154?
5
What is the tens digit of 1408360?
6
What is the hundreds digit of 214526?
5
What is the tens digit of 2503826?
2
What is the ten thousands digit of 2283159?
8
What is the ten thousands digit of 499540?
9
What is the units digit of 9741368?
8
What is the hundreds digit of 7891173?
1
What is the thousands digit of 3149726?
9
What is the ten thousands digit of 94134?
9
What is the tens digit of 146443?
4
What is the thousands digit of 48231?
8
What is the hundred thousands digit of 225580?
2
What is the ten millions digit of 16779980?
1
What is the hundred thousands digit of 29786014?
7
What is the tens digit of 21574?
7
What is the hundreds digit of 605787?
7
What is the units digit of 16334479?
9
What is the hundreds digit of 1126592?
5
What is the hundred thousands digit of 1081788?
0
What is the hundreds digit of 70139?
1
What is the hundreds digit of 271716?
7
What is the tens digit of 146799?
9
What is the ten thousands digit of 351402?
5
What is the ten thousands digit of 3210555?
1
What is the tens digit of 1172717?
1
What is the thousands digit of 3013824?
3
What is the thousands digit of 206717?
6
What is the ten thousands digit of 63610?
6
What is the tens digit of 7245320?
2
What is the units digit of 2075627?
7
What is the units digit of 9591862?
2
What is the thousands digit of 105391?
5
What is the ten thousands digit of 14503?
1
What is the tens digit of 4840151?
5
What is the units digit of 225167?
7
What is the units digit of 9892352?
2
What is the ten thousands digit of 520660?
2
What is the tens digit of 2622969?
6
What is the millions digit of 5267279?
5
What is the millions digit of 2959862?
2
What is the ten thousands digit of 459794?
5
What is the thousands digit of 778379?
8
What is the ten thousands digit of 6229058?
2
What is the thousands digit of 164311?
4
What is the ten thousands digit of 548157?
4
What is the hundred thousands digit of 648045?
6
What is the hundred thousands digit of 324862?
3
What is the ten thousands digit of 10728692?
2
What is the hundred thousands digit of 270659?
2
What is the hundred thousands digit of 1608598?
6
What is the thousands digit of 11555072?
5
What is the hundreds digit of 8316422?
4
What is the thousands digit of 675086?
5
What is the ten thousands digit of 4455028?
5
What is the hundred thousands digit of 192834?
1
What is the hundred thousands digit of 1017495?
0
What is the thousands digit of 5058357?
8
What is the millions digit of 37556378?
7
What is the ten thousands digit of 1387587?
8
What is the thousands digit of 111264?
1
What is the units digit of 20605750?
0
What is the tens digit of 635137?
3
What is the hundreds digit of 8157?
1
What is the tens digit of 55785?
8
What is the tens digit of 20131?
3
What is the hundreds digit of 159496?
4
What is the tens digit of 287951?
5
What is the ten th